{"id":138,"date":"2016-10-17T18:56:53","date_gmt":"2016-10-17T18:56:53","guid":{"rendered":"http:\/\/cresal.eagledigital.com.br\/?page_id=138"},"modified":"2023-08-04T14:28:03","modified_gmt":"2023-08-04T14:28:03","slug":"administracao","status":"publish","type":"page","link":"http:\/\/cresal.coop.br\/novosite\/administracao\/","title":{"rendered":"Administra\u00e7\u00e3o"},"content":{"rendered":"<p>Assembleia Geral \u2013 \u00c9 formada por todos os associados e constitui o principal f\u00f3rum de decis\u00e3o da cooperativa. Todos t\u00eam direito ao voto, representando o princ\u00edpio da gest\u00e3o democr\u00e1tica do empreendimento cooperativista.<\/p>\n<p>Conselho de Administra\u00e7\u00e3o \u2013 \u00c9 o \u00f3rg\u00e3o superior na administra\u00e7\u00e3o da cooperativa, formado por associados eleitos pela Assembleia Geral Ordin\u00e1ria. O Conselho \u00e9 respons\u00e1vel pela execu\u00e7\u00e3o das propostas aprovadas pela Assembleia Geral e pela gest\u00e3o da cooperativa. A Cooperativa ser\u00e1 administrada por um Conselho de Administra\u00e7\u00e3o, composto por 7 (sete) membros efetivos e 4 (quatro) suplentes, todos associados, eleitos pela Assembleia Geral, com mandato de 3 (tr\u00eas) anos e com renova\u00e7\u00e3o de no m\u00ednimo 1\/3 (um ter\u00e7o) do total de seus componentes.<\/p>\n<p>Conselho Fiscal \u2013 \u00d3rg\u00e3o independente dentro da cooperativa, cabendo-lhe fiscalizar, em nome dos demais associados, a administra\u00e7\u00e3o do patrim\u00f4nio e das opera\u00e7\u00f5es da cooperativa. \u00c9 formado por seis associados, eleitos na Assembleia Geral Ordin\u00e1ria, sendo tr\u00eas efetivos e tr\u00eas suplentes. Seu mandato pode ser de at\u00e9 tr\u00eas anos, com renova\u00e7\u00e3o obrigat\u00f3ria de, pelo menos, 1\/3 de seus membros, sendo um efetivo e um suplente.<\/p>\n<p>Diretoria Executiva \u2013 A atual legisla\u00e7\u00e3o permite que a cooperativa de cr\u00e9dito tenha uma diretoria executiva subordinada ao Conselho, na qualidade de \u00f3rg\u00e3o estatut\u00e1rio, composta por pessoas f\u00edsicas associadas (cooperados) ou n\u00e3o, indicadas pelo Conselho. Na Cresal, ap\u00f3s a elei\u00e7\u00e3o do Conselho de Administra\u00e7\u00e3o, os conselheiros eleitos como efetivos se reunir\u00e3o para eleger entre si, para per\u00edodo de 3(tr\u00eas) anos, o Presidente, o Diretor Administrativo e o Diretor Financeiro.<\/p>\n<p><span style=\"font-weight: 400;\">Administra\u00e7\u00e3o Atual<\/span><\/p>\n<p><span style=\"font-weight: 400;\">Administra\u00e7\u00e3o 2013 a 2026<\/span><span style=\"font-weight: 400;\"><br \/>\n<\/span><span style=\"font-weight: 400;\">&#8211; Presidente: Cristiano Ramos Moreira<\/span><span style=\"font-weight: 400;\"><br \/>\n<\/span><span style=\"font-weight: 400;\">&#8211; Diretora Administrativa: Patr\u00edcia Foga\u00e7a Fernandes\u00a0<\/span><span style=\"font-weight: 400;\"><br \/>\n<\/span><span style=\"font-weight: 400;\">&#8211; Diretor Financeiro: <\/span><span style=\"font-weight: 400;\">Eduardo Juliano Fernandes<br \/>\n<\/span><span style=\"font-weight: 400;\"><br \/>\n<\/span><span style=\"font-weight: 400;\">Conselho Administrativo &#8211; Efetivos<\/span><span style=\"font-weight: 400;\"><br \/>\n<\/span><span style=\"font-weight: 400;\">&#8211; Bernardete Pilatti <\/span><span style=\"font-weight: 400;\"><br \/>\n<\/span><span style=\"font-weight: 400;\">&#8211; Adriane Bertoglio Rodrigues<\/span><span style=\"font-weight: 400;\"><br \/>\n<\/span><span style=\"font-weight: 400;\">&#8211; Eunice Teresinha da Rocha de Oliveira<\/span><span style=\"font-weight: 400;\"><br \/>\n<\/span><span style=\"font-weight: 400;\">&#8211; Maria In\u00eas Borges da Fonseca<\/span><span style=\"font-weight: 400;\"><br \/>\n<\/span><span style=\"font-weight: 400;\"><br \/>\n<\/span><span style=\"font-weight: 400;\">Conselho Administrativo &#8211; Suplentes\u00a0<\/span><span style=\"font-weight: 400;\"><br \/>\n<\/span><span style=\"font-weight: 400;\">&#8211; Carine Massierer<\/span><span style=\"font-weight: 400;\"><br \/>\n<\/span><span style=\"font-weight: 400;\">&#8211; Jeferson Soares Rivaldo<\/span><span style=\"font-weight: 400;\"><br \/>\n<\/span><span style=\"font-weight: 400;\">&#8211; Ana Paula Sette\u00a0Soares<\/span><span style=\"font-weight: 400;\"><br \/>\n<\/span><span style=\"font-weight: 400;\">&#8211; Maria Caron Base<\/span><span style=\"font-weight: 400;\"><br \/>\n<\/span><span style=\"font-weight: 400;\"><br \/>\n<\/span><span style=\"font-weight: 400;\">Conselho Fiscal- Efetivo<\/span><span style=\"font-weight: 400;\"><br \/>\n<\/span><span style=\"font-weight: 400;\">&#8211; Guilherme Cezere Celi &#8211; Presidente<\/span><span style=\"font-weight: 400;\"><br \/>\n<\/span><span style=\"font-weight: 400;\">&#8211; Cla\u00fadio Degrazia Nadler &#8211; Secret\u00e1ria<\/span><span style=\"font-weight: 400;\"><br \/>\n<\/span><span style=\"font-weight: 400;\">&#8211; Ari Henrique Uriartt<\/span><span style=\"font-weight: 400;\"><br \/>\n<\/span><span style=\"font-weight: 400;\"><br \/>\n<\/span><span style=\"font-weight: 400;\">Conselho Fiscal- Suplentes<\/span><span style=\"font-weight: 400;\"><br \/>\n<\/span><span style=\"font-weight: 400;\">&#8211; J\u00falio Cesar Silva dos Santos<\/span><span style=\"font-weight: 400;\"><br \/>\n<\/span><span style=\"font-weight: 400;\"><br \/>\n<\/span><span style=\"font-weight: 400;\"><br \/>\n<\/span><span style=\"font-weight: 400;\">Colaboradoras<\/span><span style=\"font-weight: 400;\"><br \/>\n<\/span><span style=\"font-weight: 400;\">&#8211; Marcia Machado Ravazzolo &#8211; Assistente Administrativa<\/span><span style=\"font-weight: 400;\"><br \/>\n<\/span><span style=\"font-weight: 400;\">&#8211; Valda Maria de Oliveira Echauri \u2013 Contadora.<\/span><\/p>\n","protected":false},"excerpt":{"rendered":"<p>Assembleia Geral \u2013 \u00c9 formada por todos os associados e constitui o principal f\u00f3rum de decis\u00e3o da cooperativa. Todos t\u00eam direito ao voto, representando o princ\u00edpio da gest\u00e3o democr\u00e1tica do empreendimento cooperativista. Conselho de Administra\u00e7\u00e3o \u2013 \u00c9 o \u00f3rg\u00e3o superior na administra\u00e7\u00e3o da cooperativa, formado por associados eleitos pela Assembleia Geral Ordin\u00e1ria. O Conselho \u00e9 &hellip; <a href=\"http:\/\/cresal.coop.br\/novosite\/administracao\/\" class=\"more-link\">Continue reading<span class=\"screen-reader-text\"> &#8220;Administra\u00e7\u00e3o&#8221;<\/span><\/a><\/p>\n","protected":false},"author":1,"featured_media":0,"parent":0,"menu_order":0,"comment_status":"closed","ping_status":"closed","template":"templates\/page-administracao.php","meta":[],"_links":{"self":[{"href":"http:\/\/cresal.coop.br\/novosite\/wp-json\/wp\/v2\/pages\/138"}],"collection":[{"href":"http:\/\/cresal.coop.br\/novosite\/wp-json\/wp\/v2\/pages"}],"about":[{"href":"http:\/\/cresal.coop.br\/novosite\/wp-json\/wp\/v2\/types\/page"}],"author":[{"embeddable":true,"href":"http:\/\/cresal.coop.br\/novosite\/wp-json\/wp\/v2\/users\/1"}],"replies":[{"embeddable":true,"href":"http:\/\/cresal.coop.br\/novosite\/wp-json\/wp\/v2\/comments?post=138"}],"version-history":[{"count":16,"href":"http:\/\/cresal.coop.br\/novosite\/wp-json\/wp\/v2\/pages\/138\/revisions"}],"predecessor-version":[{"id":1034,"href":"http:\/\/cresal.coop.br\/novosite\/wp-json\/wp\/v2\/pages\/138\/revisions\/1034"}],"wp:attachment":[{"href":"http:\/\/cresal.coop.br\/novosite\/wp-json\/wp\/v2\/media?parent=138"}],"curies":[{"name":"wp","href":"https:\/\/api.w.org\/{rel}","templated":true}]}}